termine u(25).
30
Let i(l) = -l**2 - 16*l - 34. Calculate i(-3).
5
Let h(f) = f**3 + 14*f**2 + 2*f - 16. Give h(-14).
-44
Let m(u) = -u**2 + 7*u - 1. Calculate m(-3).
-31
Let a(d) = -d**3 - 8*d**2 - 2*d + 23. Give a(-7).
-12
Let c(y) = -y**3 - 4*y**2 - y. What is c(-3)?
-6
Let f(u) = u**2 + 22*u + 53. Determine f(-19).
-4
Let m(r) = r**2 + 4*r + 2. What is m(-5)?
7
Let w(o) = 4*o**3 + 3*o**2 - 8*o - 12. What is w(-2)?
-16
Let h(k) = -k**3 - 9*k**2 - 15*k - 12. Give h(-7).
-5
Let s(f) = f**3 + 2*f**2 + f + 7. Calculate s(-3).
-5
Let v(t) = -3*t + 30. Determine v(10).
0
Let r(i) = i**3 - 2*i - 29. Calculate r(0).
-29
Let x(h) = -2*h**2 + 62*h + 68. Determine x(32).
4
Let f(l) = 16*l + 185. Determine f(-11).
9
Let z(f) = -f**2 + 11*f - 2. Give z(7).
26
Let q(v) = v**2 - v + 3. What is q(0)?
3
Let f(y) = 2*y**2 - 8*y + 4. Calculate f(3).
-2
Let k(n) = -n**3 + 6*n**2 + 2*n + 2. Determine k(6).
14
Let q(b) = -b**3 - 25*b**2 - 22*b - 54. Calculate q(-24).
-102
Let j(g) = g - 8. Calculate j(-6).
-14
Let p(i) = -2*i**2 - 17*i + 6. Determine p(-8).
14
Let r(t) = 24*t**3 - t**2. What is r(1)?
23
Let r(n) = n**3 + 2*n**2 - 3*n - 8. What is r(-4)?
-28
Let c(a) = -5*a - 5. What is c(-5)?
20
Let w(r) = -r**3 + r**2 - 5*r + 7. Calculate w(3).
-26
Let r(t) = -49*t**3 - t**2 - 1. Determine r(-1).
47
Let t(d) = 8*d + 79. What is t(-10)?
-1
Let x(z) = z - 6. Determine x(-4).
-10
Let s(l) = 4*l**2 - 5*l - 2. Give s(-2).
24
Let l(q) = 2*q**2 - 6*q + 6. What is l(4)?
14
Let p(m) = 3*m - 1. Calculate p(6).
17
Let v(f) = f**3 - 5*f**2 + 2*f + 1. Calculate v(3).
-11
Let a(r) = -r**3 + 3*r**2 - 4*r + 4. Calculate a(3).
-8
Let l(c) = c**3 - 13*c**2 + 39*c + 5. Determine l(8).
-3
Let g(c) = 5*c**2 + c + 4. Give g(-2).
22
Let r(d) = -d**2 - 24*d + 9. Give r(-5).
104
Let f(a) = -2*a**2 - 4*a + 5. Determine f(2).
-11
Let v(h) = h**3 + 10*h**2 - h + 22. Calculate v(-10).
32
Let b(j) = -j**3 - 11*j**2 - 9*j + 13. What is b(-10)?
3
Let p(x) = -x**3 + 8*x**2 - 5*x - 8. Calculate p(7).
6
Let l(b) = -67*b**2 - 5*b + 4. Calculate l(1).
-68
Let s(n) = -54*n + 14. What is s(2)?
-94
Let q(v) = -v**2 + 13*v + 9. Determine q(14).
-5
Let p(n) = -n**2 - 4*n + 6. Give p(-7).
-15
Let x(j) = -11*j**2 - 53*j + 9. What is x(-5)?
-1
Let m(h) = 3*h + 9. What is m(-6)?
-9
Let b(v) = -v**2 + 3*v - 3. Give b(2).
-1
Let n(x) = -x**2 + 8*x + 22. What is n(10)?
2
Let r(q) = -2*q**2 - 5*q - 1. Calculate r(-4).
-13
Let w(u) = 3*u - 16. Give w(4).
-4
Let s(t) = t**2 - 24*t - 212. Calculate s(31).
5
Let h(x) = -x**2 - 6*x - 27. Calculate h(-5).
-22
Let i(z) = z**2 - 21*z + 83. Give i(6).
-7
Let k(t) = 2*t + 4. Give k(6).
16
Let d(y) = 6*y**2 + 9*y - 21. Calculate d(3).
60
Let i(p) = -p - 7. Determine i(-9).
2
Let h(r) = r**3 - 6*r**2 + 7*r - 11. What is h(5)?
-1
Let x(d) = 3*d. What is x(6)?
18
Let d(g) = -g**3 - 2*g**2 + g - 3. What is d(0)?
-3
Let s(g) = -37*g + 260. Calculate s(7).
1
Let t(g) = -8*g + 1. Determine t(-1).
9
Let i(x) = 7*x + 34. What is i(-7)?
-15
Let u(o) = 2*o**2 + 16*o + 14. What is u(-6)?
-10
Let w(k) = -96*k - 3. Give w(-1).
93
Let r(s) = s**2 + 12*s + 8. What is r(-11)?
-3
Let c(i) = -i - 8. Give c(0).
-8
Let c(x) = x**3 - 4*x. Determine c(-3).
-15
Let q(r) = r**2 + 6*r + 23. Calculate q(-7).
30
Let q(z) = -z**2 + 2*z + 3. Determine q(-3).
-12
Let z(d) = -18*d**2 + 2*d - 1. Determine z(2).
-69
Let u(a) = 3*a + 11. What is u(9)?
38
Let x(o) = o**3 - o + 14. Give x(0).
14
Let t(p) = -p**3 + 7*p**2 + 9*p - 6. What is t(7)?
57
Let y(z) = -z**2 - 52*z + 55. What is y(-53)?
2
Let v(k) = k**2 + 3*k - 8. What is v(6)?
46
Let x(w) = -w**3 - 4*w**2 + 2*w + 3. What is x(-3)?
-12
Let z(g) = -g + 5. Calculate z(2).
3
Let g(i) = -2*i**2 - 4*i + 15. Determine g(-4).
-1
Let g(i) = -12*i + 29. Determine g(2).
5
Let p(y) = -43*y - 246. What is p(-6)?
12
Let q(o) = -7*o - 276. Calculate q(-41).
11
Let o(y) = -2*y**3 - 22*y**2 + 22*y - 17. Calculate o(-12).
7
Let y(s) = 4*s + 3. Determine y(-3).
-9
Let y(i) = i**2 - 16*i - 74. What is y(19)?
-17
Let i(p) = 6*p**3 - 3*p**2 + 4*p - 1. Determine i(1).
6
Let d(k) = -k**3 - 12*k**2 - 10*k + 15. What is d(-11)?
4
Let l(n) = 138*n + 269. Give l(-2).
-7
Let p(b) = 15*b - 4. Calculate p(2).
26
Let p(b) = b**2 + 30*b - 252. Calculate p(-37).
7
Let j(a) = -18*a**3 + 4*a - 3. Calculate j(1).
-17
Let j(a) = -a**2 - 2*a + 15. Determine j(0).
15
Let x(i) = i**3 - i**2 - 3*i + 1. Determine x(3).
10
Let u(t) = -t**2 + t - 2. What is u(2)?
-4
Let x(u) = -u**3 - 21*u**2 - 40*u - 36. What is x(-19)?
2
Let u(j) = -6*j + 65. Give u(18).
-43
Let j(c) = c**2 + 19*c - 463. What is j(-33)?
-1
Let r(i) = -7*i + 10. Determine r(3).
-11
Let q(o) = 34*o + 127. Give q(-4).
-9
Let l(v) = -22*v**2. What is l(-1)?
-22
Let l(o) = -o**2 + 6*o + 12. Give l(8).
-4
Let r(a) = -a - 38. Give r(-26).
-12
Let g(a) = 6*a - 137. What is g(22)?
-5
Let k(c) = c**3 - 13*c**2 - 2*c + 29. Calculate k(13).
3
Let m(d) = -196*d + 198. Give m(1).
2
Let p(z) = 9*z + 11. Give p(-4).
-25
Let w(f) = 13*f**2 + 337*f - 19. What is w(-26)?
7
Let m(z) = 2*z**2 - 16*z + 27. Determine m(3).
-3
Let c(o) = o**2 - 170*o + 1133. Give c(7).
-8
Let w(m) = -15*m - 2. Determine w(-2).
28
Let d(y) = -y - 9. Determine d(-3).
-6
Let o(d) = 2*d - 26. Calculate o(18).
10
Let k(d) = -28*d + 366. Calculate k(13).
2
Let n(i) = i**3 - 6*i**2 + i - 5. Calculate n(4).
-33
Let g(i) = 2*i - 20. Determine g(26).
32
Let z(q) = 4*q**2 - 3*q + 10. Calculate z(3).
37
Let k(h) = -2*h - 7. Determine k(13).
-33
Let w(t) = -t**2 + 38*t + 120. Calculate w(41).
-3
Let o(f) = -5*f - 21. Determine o(-7).
14
Let d(g) = 3*g**2 - 2*g + 1. Calculate d(3).
22
Let p(d) = d**3 - 2*d**2 - 16. What is p(0)?
-16
Let t(x) = x**3 - 15*x**2 + 12*x + 14. Calculate t(14).
-14
Let i(z) = z**3 + 21*z**2 + 19*z - 25. Give i(-20).
-5
Let s(y) = y + 5. Determine s(-10).
-5
Let p(x) = -x**2 + 11*x - 15. Determine p(11).
-15
Let b(a) = -a**3 - 8*a**2 + 14*a + 2. Determine b(-9).
-43
Let p(d) = 7*d**2 + 2*d - 4. Calculate p(1).
5
Let c(q) = -10*q + 81. Give c(10).
-19
Let d(z) = 14*z + 19. Calculate d(-12).
-149
Let f(u) = 2*u + 23. Determine f(-11).
1
Let c(q) = -q**3 - 6*q**2 + 7*q - 5. Give c(-6).
-47
Let c(a) = a**3 - 4*a**2 + 5*a - 13. Determine c(5).
37
Let s(g) = -g**3 - 25*g**2 - 25*g - 3. Give s(-24).
21
Let q(c) = -2*c**2 + 18*c + 154. What is q(14)?
14
Let v(z) = 2*z**2 - 71*z - 44. Determine v(36).
-8
Let p(r) = 11*r + 42. Calculate p(-4).
-2
Let f(z) = 23*z + 7. Determine f(-3).
-62
Let u(z) = -z**3 - 6*z**2 - z + 11. What is u(-5)?
-9
Let b(d) = d**2 - 5*d + 3. Calculate b(3).
-3
Let j(u) = 39*u + 8. What is j(-1)?
-31
Let c(f) = 18*f + 74. What is c(-6)?
-34
Let p(d) = 14*d - 75. Give p(6).
9
Let p(r) = -2*r - 3. Determine p(-5).
7
Let z(u) = u**3 - 29*u**2 - u + 23. What is z(29)?
-6
Let w(b) = 2*b - 3. Determine w(7).
11
Let y(l) = 63*l + 146. Give y(-2).
20
Let t(g) = g**3 - 7*g**2 - 18*g - 1. Give t(9).
-1
Let a(b) = 115*b**3 - b**2 + 5*b - 5. Determine a(1).
114
Let m(o) = -o**3 + 7*o**2 + 4*o - 5. Give m(6).
55
Let b(c) = 31*c + 521. What is b(-17)?
-6
Let n(d) = 9*d + 209. What is n(-21)?
20
Let m(d) = d**2 + 18*d + 1. Determine m(-14).
-55
Let x(g) = g**3 + g**2 - 4*g - 12. Calculate x(0).
-12
Let r(l) = 4*l**2 - 11*l - 7. Give r(5).
38
Let d(g) = 2*g**2 - 13*g - 11. Give d(7).
-4
Let l(j) = -j**3 + 5*j**2 + j + 5. Give l(5).
10
Let k(z) = 3*z + 36. What is k(-11)?
3
Let m(d) = -d**3 + 3*d**2 + 3*d - 3. Calculate m(4).
-7
Let y(k) = -3*k + 19. What is y(9)?
-8
Let k(i) = 9*i + 1. Calculate k(-1).
-8
Let b(g) = g - 11. Determine b(-10).
-21
Let v(j) = -j**2 + 6*j + 21. What is v(8)?
5
Let c(u) = -u**2 + 10*u - 15. Calculate c(7).
6
Let m(n) = -6*n + 3. Determine m(2).
-9
Let b(i) = -i**3 - 6*i**2 - 3*i + 7. Give b(-4).
-13
Let z(r) = -3*r - 9. Give z(-6).
9
Let h(c) = -5*c**2 - c + 9. Determine h(-3).
-33
Let f(z) = -z**3 + z**2 - z + 1. Determine f(4).
-51
Let k(h) = 4*h - 125. What is k(25)?
-25
Let a(u) = -6*u - 144. Give a(-21).
-18
Let s(q) = 26*q**3 - 2*q**2 + q. Determine s(1).
25
Let i(g) = -2*g + 8. Calculate i(-17).
42
Let q(v) = -4*v + 2. Determine q(-2).
10
Let f(i) = -4*i**2 + 2*i. Give f(2).
-12
Let c(d) = d**3 - 12*d**2 - 28*d + 17. Determine c(14).
17
Let i(j) = -2*j - 19. Calculate i(-15).
11
Let z(a) = a**3 - 3*a**2 + 6*a - 1